*r**3 - 16*r**2 + 17. Let l(h) = 6*h**3 + 18*h**2 - 2*h - 18. Let o(n) = 5*c(n) + 4*l(n). Determine o(-8).
77
Let f(w) = w**2 + 5*w - 2. Let o be f(4). Suppose 3*i + 2*b = -37, 0*b - 5*b - o = i. Let r(t) = -4 + 3*t**2 + 3*t**2 - t**3 - 16*t**2 - 9*t. Determine r(i).
-4
Let g(v) be the third derivative of -v**6/120 + v**5/6 + 11*v**4/24 + v**3/2 - 2768*v**2. Calculate g(11).
3
Suppose -16*f + 166 = -11*f - 2*l, 78 = 2*f + 5*l. Let u(n) = -6 + f*n**3 + 5*n - 14*n**3 - 10*n**3 - 11*n**3 + 4*n**2. Give u(4).
14
Let m(g) = -119 - 2*g - 3*g**2 + 0*g**2 + 71 + 48. Suppose s = -6 + 1. Let k = s - -3. Calculate m(k).
-8
Let b(v) be the first derivative of -2*v**2 + 98*v - 327. Calculate b(25).
-2
Let w(u) be the first derivative of -2*u**3/3 + 3*u**2 - 4*u + 1. Suppose 13*b = 3*h + 12*b - 7, -4*h = -b - 11. What is w(h)?
-12
Let x(p) be the third derivative of -3*p**4/4 - 37*p**3/3 + 29*p**2. Let r be x(-4). Let n(t) be the first derivative of -3*t**2/2 - 2*t + 3. What is n(r)?
4
Suppose 0*x + 25*x - 51 = 124. Let s(n) = 5*n + 7. Determine s(x).
42
Let k(g) = -138 + 69*g - g**3 + g**2 - 65*g + 145. Calculate k(3).
1
Let l(y) be the second derivative of -y**4/12 + y**3/3 - 8*y**2 + 6559*y. Calculate l(9).
-79
Let k(l) be the first derivative of -13*l**3/3 - l**2/2 - 3. Suppose -f + 9*r = -3*f - 29, 4*r = -5*f - 17. Calculate k(f).
-12
Let o(c) = -565*c - 2831. Let k be o(-5). Let v(a) be the second derivative of -a**3/6 + a**2/2 + a. What is v(k)?
7
Let v = -2 + 0. Let m(r) be the third derivative of -r**5/60 + r**4/24 + 15*r**2 + 582. Calculate m(v).
-6
Let b(x) = -4*x + 3. Let k = -14 - -28. Suppose -g = 5*z + 37 - k, 3*z = -15. Calculate b(g).
-5
Let o(z) be the third derivative of z**6/120 - 13*z**5/60 - 2*z**4/3 + 23*z**3/3 + 4*z**2 + 5*z - 12. What is o(14)?
18
Let c(s) = 4*s - 18*s + 4 - 4. Let u = -27796 - -27797. Give c(u).
-14
Let g(c) = 5*c - c**2 + 0*c + 9*c + 6 + 1 + 12. Let f = -14 + 29. Let z be g(f). Let o(x) = -x**3 + 5*x**2 - x - 5. What is o(z)?
7
Let i(f) be the second derivative of -f**4/12 - 2*f**3 - 11*f**2/2 + f. Let c(s) = 3*s**3 + 10*s**2 - 169*s - 6. Let p be c(6). Calculate i(p).
-11
Let j(z) = -40*z - 713 + 740 + 6*z - 2*z**2 - 37*z + 14*z. What is j(-29)?
-2
Suppose d + 4*p - 6 = -72, 0 = -d + 2*p - 72. Let m = 72 + d. Let g(l) = 1 - 3*l**3 - 3*l**2 + 4*l**3 + 6*l**m - 3 + l. Determine g(-2).
0
Let t = -6 - -32. Let x be 567/117 - (-4)/t. Suppose -x*p - 6 = p. Let l(i) = -i**3. Give l(p).
1
Let c(b) be the first derivative of b**3/3 - 13*b**2/2 + 47*b + 532. Calculate c(6).
5
Let j(t) be the third derivative of -4*t**2 + t**3 + 0 + 1/60*t**5 - 5/24*t**4 - 4*t. Suppose p + p = 2*u - 18, -5*u + 5 = 3*p. Determine j(u).
2
Let q(v) = 10 + 15 - 23 - 2*v + 3*v. Let r(f) = -14*f - 22. Let a(y) = 12*q(y) + r(y). Calculate a(4).
-6
Suppose 9*t - 4*t = -20. Let r(v) = -v**3 - 10*v**2 - 22*v + 11. Let o be r(-7). Let p(a) = -20*a - o*a - a**2 + 33*a. What is p(t)?
4
Let b = 39 + -36. Let s(c) = 8*c**2 + 4*c - 3. Let x be s(1). Let j(p) = -13 - p - 4*p + 3 + x. What is j(b)?
-16
Let v(r) = 39*r - 1. Let h be v(1). Let l(d) = d**3 - 39*d + h*d + 14 - 12. Give l(0).
2
Let t(h) = -5*h - 9. Let f(s) = -s. Let k(a) = -4*f(a) + t(a). Let c(n) = -5*n + 12. Let m be c(4). Let z be (-32)/m + -11*1. What is k(z)?
-2
Let w(c) = 18*c - 8. Let b = -261 - -255. Let z(p) = 8*p - 4. Let l(a) = b*w(a) + 13*z(a). What is l(0)?
-4
Let r(j) = -29537*j + 14742*j - 135 + 14767*j + 2*j**2. Determine r(-4).
9
Let p(i) = -i**3 + 12*i**2 - i - 6. Let m be 18348/1518 + 4/(-46). Calculate p(m).
-18
Let r(p) = 4*p - 6. Let a(c) = c**3 + c**2 + 37*c + 37. Let m be a(-1). Determine r(m).
-6
Let t(a) = 8*a. Suppose -10*c + 15*c - 2567 = j, 3*j = -c + 523. Suppose -c = i - 516. What is t(i)?
16
Let w(r) = 4*r**3 + 156*r**2. Let y be w(-39). Let t(a) be the second derivative of 1/3*a**3 - 23*a + y - 3/2*a**2. Determine t(5).
7
Let j(v) = 109*v**2 - 1962*v + 17. Let o be j(18). Let q(p) = p**3 - 19*p**2 + 32*p + 17. Determine q(o).
-17
Let t be (-3)/(-5)*(20 - (-5 + 20)). Let v(c) = c**2 - c - 3. Determine v(t).
3
Let c be (-2)/(-4)*(63 + -55) + 3. Let z(q) = -3*q + 11. Let y(f) = -1. Let l(d) = 6*y(d) + z(d). Give l(c).
-16
Let k(w) = w**2 - 5*w + 6. Let s be k(4). Let d be 100/16 - s/8. Let c(t) = 9*t + 3*t**3 - 4 + 2*t**3 - d*t**3 - 8*t**2. Give c(-9).
-4
Let c(r) = 26*r + 90. Let g be 179/2148 + -2*(-147)/(-72). Determine c(g).
-14
Suppose -6*r - 62 = 100. Let b = r - -28. Let o(g) = -1 + 12 - 2*g - b. What is o(7)?
-4
Let c(q) = -4*q**3 - 2*q**2 - 3*q. Let r be c(-1). Let o(g) = 3 - r + 3 + 2*g + 2*g**2 + 5*g**3 - g**2. Give o(-1).
-5
Suppose -13*g = -17*g + 136. Let r = g - 40. Let b be (-5)/((-40)/r) - (-22)/8. Let t(p) = p**2 - 3*p - 1. What is t(b)?
-3
Let s(o) = 6*o**2 + 4*o - 3. Let y(d) = -11*d**2 - 7*d + 5. Suppose 9 = -6*u - 9. Let i be (7 - 1)*u/6. Let j(g) = i*y(g) - 5*s(g). Calculate j(1).
4
Let o(l) be the third derivative of l**6/120 + 3*l**5/10 - l**4/6 - 13*l**3 - 12074*l**2. Determine o(-18).
-6
Let o(m) = m. Let z(g) = -49 + 0*g**2 - g + g**2 + 55. Let i(t) = -3*o(t) + z(t). Give i(4).
6
Let b(l) be the first derivative of -l**2 + 4*l + 5. Let d(z) = 4*z - 8. Let m(t) = -9*b(t) - 4*d(t). Let p = 528 - 532. Give m(p).
-12
Let y(k) be the first derivative of 3*k**2 + 6*k + 10959. Give y(0).
6
Let v(q) = q**2 - 19*q - 18. Let h = -5494 + 5514. Calculate v(h).
2
Let j(z) be the second derivative of -z**5/20 + z**4/2 - 2*z**3/3 + 1269*z. Give j(5).
5
Let z(m) = -5*m**2 - 1. Let n(u) = -37*u + 68. Let i be n(6). Let f = i + 153. Determine z(f).
-6
Let a(v) = -2*v**2 + 15*v - 22. Let z be a(5). Suppose -5*h + 2 = 2*o, -o + z*o + h + 14 = 0. Let g(j) = j**2 + 11*j + 20. Calculate g(o).
2
Suppose 42 = 10*r - 4*r. Let c(d) = r*d - 37*d**2 - 12*d + 38*d**2 - 5. Determine c(6).
1
Let k be 23/3 - 0 - 40/60. Let c(u) = 5938 - k*u**3 - 4*u**3 + 0*u**2 + 0*u**2 - 5937. Give c(-1).
12
Let o be (-7 - (-78)/12)/((-4)/(-8)). Let b be (0 - -5) + o + (4 - 7). Let n(c) = -42*c**3 + 2*c**2 - c. Determine n(b).
-41
Let i be 3 - -2 - (-9 - -13). Let n(v) = 3*v - 3*v + 3*v + 4*v**3 - 5*v**3 - i - 5*v**2. Suppose 4*j + 14 + 10 = 0. Give n(j).
17
Let f(p) = -14*p**2 - 36 + 8*p**2 + 75 - 39. Calculate f(-1).
-6
Let l(r) = -2*r**3 + r**2 - 29*r. Let s(u) = 3*u**3 - 2*u**2 + 55*u + 201. Let y(k) = 2*l(k) + s(k). What is y(0)?
201
Let a(f) = -1 - 154900*f - 60*f**3 + 154900*f + 2*f**2. Give a(1).
-59
Let l(i) = -i - 14. Let f(x) be the first derivative of -8 - 3 - 37*x**2 + 36*x**2 + 14*x - 11. Let r be f(7). Determine l(r).
-14
Let q(h) be the first derivative of -h**4/4 + 3*h**3 + 9*h**2/2 - 7*h + 54. Suppose 8*g - 5*y = 6*g + 45, y = -4*g + 35. Calculate q(g).
-17
Let k(f) = 124492*f - 52 - 2*f**2 + 16 - 124470*f. Give k(9).
0
Let q be 4/(-10) - (-66)/15. Let u(c) be the second derivative of 0 - 3/2*c**2 - 1/3*c**3 + 5/12*c**4 - 1/20*c**5 - 14*c. Determine u(q).
5
Let o(a) = -11*a**3 + 2*a**2 - 5*a + 3. Suppose -85*n + 4*h = -89*n + 12, 11 = 3*n + 4*h. Give o(n).
-11
Suppose 0 = -2*g - 5*i - 21, 3*g + 5*i + 79 - 40 = 0. Let a(y) = 2*y**2 + 39*y + 57. Calculate a(g).
3
Let u(n) = -11*n - 22. Let h(q) = -10*q - 21. Let j(g) = 5*h(g) - 4*u(g). Let b = -26020 + 26015. What is j(b)?
13
Let u(w) be the first derivative of w**2 - 27*w - 1443. What is u(-9)?
-45
Let y(s) = -2*s + 1. Let x(v) = -v**2 + 7*v - 4. Let m(a) = -3*x(a) - 12*y(a). What is m(-1)?
0
Let z(c) = c**2 + 7*c + 8. Let v(y) = -9*y - 74. Let u be v(0). Let p = u - -76. Suppose 3*j - 6 = 0, -i - 5*j + p*j = 0. Give z(i).
2
Let s(g) = -g + 4. Let u be (44/(-12) - -4)/(1/(-3)). Let d be 3 - (1 - 0)/(u/1). Suppose h + 5*b - 4*b - d = 0, -22 = -3*h + 2*b. Determine s(h).
-2
Let a(l) = -2 - 4 + 10*l - 1 - 12*l. Let q(d) = -10*d - 747. Let h be q(-75). Determine a(h).
-13
Let g(b) = 5*b**2 - 12*b - 32. Let c(y) = 14*y**2 - 35*y - 89. Let z(o) = 4*c(o) - 11*g(o). Determine z(5).
-19
Suppose -384 = 113*k - 121*k. Suppose -10*a = -5*a, 4*m + k = -4*a. Let p(v) = v**3 + 12*v**2 + v + 8. Determine p(m).
-4
Let z(i) = i**3 - 16*i**2 - 28*i - 32. Let m be z(17). Let v = 225 + m. Let f(h) = 3 + h + 1 - 5. Calculate f(v).
5
Suppose 2*r = -4*m - 3*r + 16, -3*m - r + 12 = 0. Let z(x) = x**3 + x - m*x - 12 + 9 + 10*x - 8*x**2. Let